= 5*c, -c - 3*z = 3*c - 38. Suppose -c = -i - 4*m, m + 2 - 3 = 0. Suppose 10*q - 915 = i*q. Is q prime?
False
Suppose -2*l + 1 = -1. Let v be -3*l + (-11 - -10). Is (9/v)/((-12)/32) prime?
False
Let i(y) = -7 - 1 + 10 - 25 + 116*y. Is i(6) a prime number?
True
Let a be ((-20)/(-8))/5*-2. Let c(z) = 2*z - 4. Let j be c(7). Is 3/(a + 4)*j a prime number?
False
Let k(x) = 9 - 8*x**2 + 11*x + 3*x**2 + 5 + 6*x**2. Let c be k(-10). Suppose -5*q + c*a = -3*q - 374, -q = -4*a - 187. Is q a prime number?
False
Let z = 45 + -43. Suppose 4*k + 2693 = 3*n - k, 0 = -z*n - 2*k + 1806. Is n composite?
True
Let o = -5 + 5. Let t be (10 + o/1)/2. Is ((-106)/10)/((-1)/t) a prime number?
True
Is 160196/12 + (-6)/9 a composite number?
True
Let o(f) be the third derivative of f**4/12 - 7*f**3/6 - 9*f**2. Is o(13) composite?
False
Let v be 4/(8 - 4)*3. Suppose -3*c + 73 = 2*d, -c - v*d = c - 52. Suppose 2*a - 3*a = -c. Is a a composite number?
False
Let z be (-9)/(-1*(-9)/(-6)). Suppose -z*b + 4*b = -384. Is (b - 5)*(-1 - -2) prime?
False
Let d(j) = 2*j**2 + 2*j + 390. Let h be d(0). Let r = h + -76. Is r prime?
False
Let b(v) = v**2 + 5*v - 4. Let f be b(-6). Suppose d = -z + 257, -f*z + 1020 = -0*d + 4*d. Is d composite?
True
Let b(f) = -f**3 - 6*f**2 - f - 2. Let h be b(-6). Suppose i + 3*c = 139, -c = h*i + 3*c - 524. Is i prime?
True
Let a(l) = 112*l**3 - 3*l**2 + 7. Let f(m) = -225*m**3 + 7*m**2 - m - 15. Let p(s) = 5*a(s) + 2*f(s). Is p(2) a composite number?
False
Let t(z) = z**2 - 3*z + 2. Let p be t(3). Suppose 0 = -7*j + p*j + 2*i + 357, -5*i - 5 = 0. Suppose a = j + 720. Is a composite?
True
Suppose -2*i + i = -3*l - 5, 5*l + 15 = 5*i. Is i/(2250/(-563) + 4) prime?
True
Let y(b) = 226*b + 64. Let s be y(-18). Let m = -2365 - s. Is m a prime number?
False
Let h = 13 - 8. Suppose 4*r + 4*c = 42 + 66, 0 = -h*c + 25. Is r*(2 + (-4)/(-8)) composite?
True
Suppose -8*x + 7*x = -54. Suppose -48*u - 8790 = -x*u. Is u a prime number?
False
Let o(h) = -h**3 - 11*h**2 + 24*h + 18. Let k be o(-13). Suppose -3*v + 4*l - 33 = 26, -5*l - 120 = 4*v. Let c = k + v. Is c a prime number?
True
Let c(t) = 8*t + 9858. Let h be c(0). Let x = h + -6695. Is x a prime number?
True
Suppose 5*l + 91 = n + 6*l, -4*n = 3*l - 368. Suppose 4*c - 3*k - 187 = 0, 4*c - 2*c - 3*k = n. Is c a composite number?
True
Is (1 + 8)*-3*(-1868)/36 prime?
False
Let d be -2 - 12/(-7) - (-858)/14. Let t = 144 - d. Is t prime?
True
Suppose 2*a - 4*r - 13254 = 0, 19906 = 3*a - 7*r + 6*r. Is a a composite number?
False
Let i be 6/(-9)*(4 - 7). Let z(q) = 281*q**2 + q - 2. Let g be z(i). Suppose -j = 4*u + 9 - 904, -5*u = 3*j - g. Is u composite?
False
Let r be 3*3 + -8 + 5. Suppose -4*p + r*p - 2198 = 0. Is p composite?
True
Suppose l + 247 = 4*y, -3*y - 4*l + 213 = 23. Let m = 141 - y. Is m prime?
True
Suppose -h - 2*j = -39597, 2*h + 2*j - 20919 = 58285. Is h a composite number?
False
Suppose 5*w + 295 = -4*c - 7, 5*c = -2*w - 114. Suppose -7*i + 15 = -2*i. Is i*w/(-12)*2 a composite number?
False
Suppose -28866 = -2*h - 4*t, -4*h + 3*t + 57724 = 7*t. Is h a composite number?
True
Suppose -4*a + 36576 = -2*c, c - 18284 = 2*a - 4*a. Is a a prime number?
False
Suppose 5*o = -32 + 12. Is o/2 + 227 + -2 prime?
True
Is (-47140)/(-15) + 44/(-12) + 3 a prime number?
False
Let j be -2 + (-1)/(-6) + 86/(-12). Is (j/(18/6))/((-1)/173) a prime number?
False
Suppose -c = -x + 96378, -c + 130716 + 254791 = 4*x. Is x composite?
False
Let u be 51*(-3)/(36/20)*-1. Let m = 248 - u. Is m composite?
False
Suppose 0 = x - 7*x. Let w be (-3 + 6)/(x + 1). Is 5/(-30)*w*-1742 prime?
False
Suppose -14*u = 7*u - 113001. Is u composite?
False
Let f(h) = -57*h**3 + 157*h**3 + 4 - 5*h - 53*h**3 - 52*h**3. Is f(-7) composite?
True
Let k(c) = 1960*c + 71. Is k(8) a prime number?
False
Let y(i) = -8*i + 2. Let m(n) = -9*n + 3. Let g(x) = -6*m(x) + 7*y(x). Let u be g(-3). Suppose a + 3*f = 133, -2*a + 0*a = u*f - 278. Is a composite?
True
Let l = 1388 + -344. Suppose -4*x = -512 - l. Is x a prime number?
True
Suppose 127968 = 3*s + c + 34808, -4*s = 3*c - 124205. Is s composite?
True
Let p(u) = 9428*u + 6. Is p(4) a prime number?
False
Suppose 7 = 2*k + m, 5*m - 3*m = 5*k - 22. Suppose -4*y + 5*q + 4141 = 0, -5207 = -9*y + 4*y - k*q. Is y a composite number?
False
Let q be (5 - (-282)/(-18))/((-1)/84). Let z = 23 + q. Is z prime?
True
Suppose -2*p = -5*g - 20009, -5*p = -2*p + g - 30022. Is p a composite number?
False
Let l = 1577 - 2920. Let r = 1914 + l. Is r a prime number?
True
Let n(a) = -2*a**3 + 14*a**2 + a - 1. Is n(6) prime?
False
Let i(y) = 739*y + 2. Let q be i(1). Let u = q - 490. Is u a composite number?
False
Suppose t + l - 3024 = 0, -52*t + 51*t = 5*l - 3012. Is t composite?
True
Let b = -3354 - -5865. Suppose -4*k = -85 - b. Is k composite?
True
Suppose -x = w - 231 - 746, 2*x - 2929 = -3*w. Let o = w - 556. Is o composite?
False
Suppose 54 = 5*u + 19. Let t(r) be the first derivative of 5*r**2/2 - 4*r + 6. Is t(u) prime?
True
Let f = -618 + 1972. Is f composite?
True
Let v(c) = -c + 12. Let i be v(5). Let m(q) = 11*q**2 - 7*q - 1. Is m(i) a prime number?
False
Let g be ((-21)/35)/((-1)/10). Suppose 0 = 5*d - 3*d - g. Is ((-20)/(-4) - d) + 399 a composite number?
False
Let c(f) = f**3 - 6*f**2 - 14*f - 1. Let x = 5 + 5. Is c(x) a composite number?
True
Suppose -5*x = -5 - 5. Let v(h) = 9*h**3 + 3*h**2 - 5*h + 5. Is v(x) a composite number?
False
Let r be (-75)/(-20) - (-1)/4. Is -907*((-12)/(-4) - r) composite?
False
Let w be -3 - ((-5 - 2) + 1). Suppose -w*j - 4*m = 4, -j + 0*m + 3*m = -3. Suppose j = 2*x - 3*q - 343, x - 5*q - 31 = 123. Is x prime?
True
Let f(d) = -d**2 + d - 290. Let k be f(0). Let q = k + 577. Is q composite?
True
Let c = 66827 + -25872. Is c a prime number?
False
Suppose -5*r - 4*t + 11529 = 0, r + 2*r = 5*t + 6947. Is r a prime number?
True
Suppose -q + 1 = -n - 4, 0 = 4*q + n - 15. Suppose -x + 4*z + 180 = 0, 596 = 3*x + 4*z - 2*z. Suppose q*s - 464 + x = 0. Is s a composite number?
False
Let u be (-6)/(((-50)/(-15))/(-5)). Let x(v) = 37*v + 8. Is x(u) a prime number?
False
Suppose w + 2*l = 5547, -13*w + 16*w - 5*l - 16597 = 0. Is w a composite number?
True
Let w = 105 - 243. Let k = w + 425. Is k composite?
True
Let z(c) = -c**3 - 3*c**2 + 7*c + 1. Let g be -2*((-3)/(-3) - 2). Suppose -g*f - 1 = m + 6, 39 = -4*f + 3*m. Is z(f) a prime number?
True
Let a = 0 + 3. Suppose -a*z = -i - z - 12, 3*i = z - 26. Is (-12)/i*(-62)/(-1) a composite number?
True
Let a be ((-2 - (-12)/(-9)) + 2)*6. Is 1*a/(24/(-3357)) composite?
True
Let n be (8/(-3))/((-8)/(-24)). Let z(k) = -k**3 - 9*k**2 - 10*k - 14. Let f be z(n). Suppose -f*g + 1347 = 3*x - 6*x, 0 = 4*g - x - 2679. Is g prime?
False
Let f be 3/(27/102) - 6/(-9). Suppose -14*a + 2778 = -f*a. Is a a prime number?
False
Let i(y) be the first derivative of -2*y**2 - 8*y - 9. Let h be i(-3). Suppose -2*s + 281 = s + x, -174 = -2*s - h*x. Is s a prime number?
False
Let o(t) = 6*t - 17. Let d be o(4). Is -1 - -8375 - 35/d a composite number?
False
Suppose -2*r = -51714 - 60680. Is r prime?
True
Suppose 101424 = 4*i - 5*o, 35*o = i + 37*o - 25343. Is i prime?
False
Let x = -363 + 610. Is x prime?
False
Let c be (-8)/(-3)*6/4. Suppose -4*z + 1 = 4*i + z, -i = c*z + 8. Suppose 0 = i*l - 72 - 140. Is l composite?
False
Suppose 2*c - 7*c = -4*w - 41, 0 = 3*c + 5*w + 5. Is -5 + (-11211 - c)/(-2) composite?
True
Suppose -4*n - 626 = -2*t, 347 = 3*t + 7*n - 553. Is t composite?
False
Suppose -2*v = -v + 28. Suppose f + 5*t + 562 = 4*f, -2*t = -f + 187. Let r = v + f. Is r a composite number?
True
Suppose -7*i + 9*i - 4 = 0. Suppose 4*c + 850 = i*t, t + 3*c = 295 + 115. Is t a prime number?
True
Suppose 2 - 306 = -8*u. Suppose 12*o - 14*o = -u. Is o composite?
False
Let s(q) = -q**2 + 3*q. Let z be 2*3 - (-4 + 7). Let m be s(z). Is m*(0 - -1) - -142 a prime number?
False
Suppose 2*z - 2198 - 731 = -h, 2*z = -3*h + 8807. Is h composite?
False
Let y = -59 - -106. Let d be (4 - y) + -4 + -2. Let k = d + 138. Is k prime?
True
Suppose -20*j = -15*j - 123665. Is j a prime number?
True
Let n = -1 + 4. Suppose 5*g = n*g + 66. Is 845/11 - (-6)/g a prime number?
False
Let n(j) = 10*j**2 + 7*j + 19. Let c be n(9). Suppose -20*y + 18*y = -c. Is y prime?
False
Suppose -4*z +